0. What is the remainder when 610 is divided by j?
12
Suppose 3*i = i + 166. What is the remainder when i is divided by (-19)/(-3)*5 + (-87)/(-261)?
19
Suppose 0 = -t - 3*k + 20, -2*k + 28 = -2*t + 84. What is the remainder when 115 is divided by t?
11
Suppose 15*z + 42*z - 30235 = 14168. Calculate the remainder when 1563 is divided by z.
5
Let d = 66 - 24. Let s(t) = 35*t - 13. Let z(f) = -2*f - 27. Let v be z(-14). Calculate the remainder when d is divided by s(v).
20
Let s = -874 + 895. What is the remainder when 1355 is divided by s?
11
What is the remainder when (-146)/(-1) + (-4)/20*5 is divided by 59?
27
Let t = 131 + -59. Suppose 3*m - 69 = -3*h, -371*h + 3*m - 1 = -370*h. What is the remainder when t is divided by h?
4
Suppose 85*z = 84*z + 4*t + 18, 2*z + t - 9 = 0. What is the remainder when 129 is divided by z?
3
Let u = -1060 - -1080. Let s(h) = -h**2 - 14*h + 10. Let z be s(-13). Let g = 1 + z. What is the remainder when g is divided by u?
4
Let u be (1 + 5)*39/(-26). Let q(r) = -r**2 - 9*r + 12. Let j be q(u). Suppose s = 2*t - 0*s - j, t - 9 = -s. Calculate the remainder when 11 is divided by t.
4
Let m = -573 + 591. Calculate the remainder when (8 + -20)*(-100)/15 is divided by m.
8
Let c = 8960 - 4455. Calculate the remainder when c is divided by 41.
36
Suppose -50 + 0 = -10*x. Suppose -x*i + 370 = 5*v, -i + 70 = 4*v + v. Suppose -g - 3*a = -13, -2*a - 61 = g - 4*g. What is the remainder when i is divided by g?
18
Let w(q) = 108*q**2 - 79*q + 326. Calculate the remainder when w(9) is divided by 178.
175
Suppose -18*t + 9103 - 2947 = 0. Calculate the remainder when t is divided by 175.
167
What is the remainder when 314 is divided by -56*9/(-4)*((-255)/45)/(-17)?
20
Let x be (2/1)/((0 + 1)/(-1)). Calculate the remainder when (-2 - (-3 - (x + 3)))*149 is divided by 23.
22
Suppose 161*i = 145*i + 160. What is the remainder when (-6)/4 + 1375/i is divided by 43?
7
Let m = -19465 - -20157. What is the remainder when m is divided by 57?
8
Let o(f) = 296*f + 4965. What is the remainder when 1377 is divided by o(-16)?
3
Suppose -34845*o + 34807*o = -4522. What is the remainder when 2247 is divided by o?
105
Let i(f) = 263*f - 923. Calculate the remainder when i(5) is divided by 22.
18
Let t = -7196 - -7219. What is the remainder when 965 is divided by t?
22
Let l = 36 + -34. Suppose 3*m - 2*m - 23 = -g, 5*m = l*g - 11. Calculate the remainder when 70 is divided by g.
16
Suppose -5*p = -4*w + 6*w - 6866, 0 = 2*p - 17*w - 2782. Calculate the remainder when p is divided by 72.
6
Suppose 57 + 24 = 81*o. Calculate the remainder when 38 is divided by o.
0
Let b be (-5 + -1)/(48/(-80)). Let k be (16 - 5) + 1 + 0. Suppose b*s = 13*s - k. What is the remainder when 38 is divided by s?
2
What is the remainder when 275 is divided by ((-10)/(-3))/(70*(-26)/(-6552))?
11
Let n(g) = 24*g + g - 60 + 0*g - 9*g. What is the remainder when n(7) is divided by 28?
24
Suppose 0 = -1254*w + 1212*w + 294. Let f(g) = -g**2 - 6*g + 8. Calculate the remainder when f(-6) is divided by w.
1
Suppose -14 = -7*f + 14. Suppose -s + f = -22. What is the remainder when 128 is divided by s?
24
What is the remainder when (7 - 39/6)/((20/(-752))/(-5)) is divided by 50?
44
Suppose 0 = 5*g - 8 - 22. Suppose 0 = g*s + s - 385. What is the remainder when s is divided by 28?
27
Suppose 72*x - 74*x = -8. Suppose -x*f = -4*q - 950 - 630, f + 4*q = 415. Calculate the remainder when f is divided by 67.
64
Suppose 2*a + 34*c - 253 = 31*c, 580 = 5*a - 3*c. Calculate the remainder when a is divided by 104.
15
Let x(s) = -932*s - 3424. Calculate the remainder when 935 is divided by x(-4).
23
Let n = 772 - 745. Let a be 6/9 - 22/(-3). What is the remainder when (-150)/4*a/(-6) is divided by n?
23
Let o(y) = -y + 3 + y**3 - 3*y + y + y**3 + 8*y**2. Suppose -80 = 55*a + 140. What is the remainder when o(a) is divided by 5?
0
Let y = 50 + -45. Let l = -9 - y. Calculate the remainder when (-92)/l + 18/42 is divided by 5.
2
What is the remainder when 387 is divided by 1/15 - 19838/(-105)?
9
Let g be (9/(-36))/((-2)/4)*1924. Suppose 225 = -11*n + g. Let f(q) = -q + 17. Calculate the remainder when n is divided by f(0).
16
Suppose 0 = -14*q + 2*q + 24. Suppose q*v + 30 = 4*j, 0 = -5*j + j - 3*v + 5. Let x(y) = -y**2 + 5*y + 10. What is the remainder when 15 is divided by x(j)?
5
Let c(a) = 3*a - 225. Let p be c(-15). Let x = 527 + p. What is the remainder when x is divided by 37?
35
Let m be (1 + 4 + 4)/(6/4). Let i = 15 - m. Suppose 4*l = i*l - 505. What is the remainder when l is divided by 13?
10
Let z(v) = -21*v + 4225. Calculate the remainder when z(94) is divided by 280.
11
Suppose -54 = 961*c - 963*c. Calculate the remainder when c is divided by 26.
1
Let b = -4911 + 4942. Let l = 66 + 49. Calculate the remainder when l is divided by b.
22
Suppose -2*t = -2*v - 0 + 4, -2*t + 5 = v. Suppose v*j - 59 - 250 = -5*w, 0 = 2*j - 6. What is the remainder when w is divided by 9?
6
Suppose 0 = -2*k + 3*k - 4*w + 3, -9 = -3*w. Suppose -5*t + k = -2*u + 116, 0 = 2*u + 3*t - 115. Calculate the remainder when u is divided by 3.
2
Let c = -142 + 252. Let s = 501 + -483. Suppose z = c - s. Calculate the remainder when z is divided by 32.
28
Let f be (6 - 456/78) + 316/(-26). What is the remainder when (-6)/(f/54 - 0) is divided by 19?
8
Let o = -190 - -192. Suppose 0*w + w = -4*t + 44, o*w - 4*t - 76 = 0. What is the remainder when w is divided by 7?
5
Suppose 12352 = 4*y + 11*x, 30*y - 5*x - 3088 = 29*y. What is the remainder when y is divided by 103?
101
Suppose 47*b + 11316 = 2*l + 50*b, 0 = 2*b + 12. Calculate the remainder when l is divided by 43.
34
Suppose -5*f + 53 + 43 = x, -2*f + x + 37 = 0. Suppose 29*a - 1780 = f*a. Calculate the remainder when a is divided by 37.
30
Let q(o) = -o + 0*o + 0*o - 3*o**2 - 2*o + 2. Let k be q(1). Let n(y) = 6*y**2 + 4*y + 7. What is the remainder when n(k) is divided by 11?
10
Suppose -28 = -11*y - 3*y. What is the remainder when (0 - (-71 - y)) + 3 is divided by 44?
32
Suppose -3*a + 297 = -0*a. Let m(t) = -7*t - 8. Let k be 3/(27/6)*-6. What is the remainder when a is divided by m(k)?
19
Let t = 96 + -51. Suppose s + 14 = -i, -3*i = 5*s + 18 + 42. What is the remainder when 81 is divided by 151*(-1)/s - (-10)/t?
13
Suppose 4*t = n - 550, t = 4*n + 135 - 2260. Calculate the remainder when n is divided by 137.
119
Suppose 8*c - 2*b = 12*c - 96, 5*c + 2*b - 118 = 0. Calculate the remainder when 3*(-47)/(-3) - 2 is divided by c.
1
Let x be (-22)/(-6) - (24/(-18) + 2). Suppose 0 = t - 2*r - 35, -x*t - 3*r + 4*r = -100. Calculate the remainder when 193 is divided by t.
28
Let x(t) = t + 5. Suppose -65 = 9*i + 88. Let h be (476/i)/(-1 - (-2)/(-2)). What is the remainder when x(h) is divided by 8?
3
Suppose 2*r - 296 = 5*y, -5*r + 0*y = -3*y - 740. Let o = 125 + -119. Calculate the remainder when r is divided by 2*(2/(-6))/(o/(-225)).
23
Suppose -2*b + 3*d = -5773, 2*d = 2*b - 4819 - 949. What is the remainder when b is divided by 111?
104
Suppose 220*l = 223*l + y - 12, -4*l = -5*y + 3. What is the remainder when 321 is divided by l?
0
Let i(g) = -2*g**3 - 4*g**2 - 3*g - 3. Let m(h) = -h**2 - 3789*h - 146235. Calculate the remainder when i(-5) is divided by m(-39).
12
Suppose -4004 = -2*b - 4*s, -3*b = -2*s - 4075 - 1995. What is the remainder when b is divided by 78?
68
Let m = -32 + 35. Let y be 1 - 2 - 285/m. Let t = y + 112. Calculate the remainder when 58 is divided by t.
10
Let n(m) = -188*m - 118. Calculate the remainder when n(-10) is divided by 45.
7
Let i = -35 + 75. Calculate the remainder when (-1953)/(-30) + (-4)/i is divided by 27.
11
Let h(b) = -b**3 + b**2 + 5*b - 48. Let p be h(-6). Suppose -43*f = -37*f - p. What is the remainder when f is divided by 8?
5
Let o = -600 - -865. Suppose -33*j = -38*j + o. Calculate the remainder when j is divided by 28.
25
Suppose 0 = 3*m + 5*k + 631, 3*m + 23*k - 21*k + 634 = 0. Let v = 244 + m. What is the remainder when 382 is divided by v?
30
What is the remainder when 77 is divided by (37/(-148) - 34/(-40))*(84 + 1)?
26
Let h(l) = 2*l**2 - 4. Let n = -9765 + 9932. What is the remainder when n is divided by h(-4)?
27
Let b be 4/22 + 2878/22. Let z = -90 + b. Let g = 688 + -677. Calculate the remainder when